t l be (-5)/2*(-4 - d). Suppose 0*i + 5*i - l = 0. Calculate o(i).
-6
Let s(d) = d**3 + 5*d**2 + 4*d. Let r be s(-4). Let f(h) = h + 5. Give f(r).
5
Let d(p) = -p**2 + 5*p + 3. Let m be 16/(-2) - (0 - 1). Let x = m - -11. Calculate d(x).
7
Let w(p) = 1 - 2 - p**2 + 0 + 0*p**2. Let o(v) = v**2 - 6*v - 9. Let m be o(7). What is w(m)?
-5
Let a = 2 - 0. Let v(w) = -1 + 3*w**2 - 5*w - 5*w**a - 5*w**2. Let n(y) = -y**2 - y. Let x(d) = -6*n(d) + v(d). Calculate x(0).
-1
Suppose 8 + 10 = 3*j. Let g(o) = 7*o**2 - o**2 - o**3 + 24*o + 2 - 23*o. Calculate g(j).
8
Let q(n) = n - 7 - 10 - 4 + 22. Let w(z) = z**3 + z + 3. Let i be w(0). What is q(i)?
4
Let r(m) be the second derivative of m**5/120 + m**4/12 + m**3/6 + 4*m. Let p(h) be the second derivative of r(h). Give p(-1).
1
Let v(m) = m**2 - 1. Let c(w) = -4*w**2 - 7*w + 12. Let s(f) = -c(f) - 3*v(f). Determine s(-8).
-1
Let n(t) be the third derivative of -t**6/120 + 7*t**5/60 - 3*t**4/8 + 4*t**3/3 - t**2. Let q be 52/9 - 6/(-27). Give n(q).
-10
Let a(y) = -3*y - 1. Let f(j) = -3*j. Let z(o) = o + 1. Let m(q) = f(q) - 2*z(q). Let r(i) = 7*a(i) - 5*m(i). Give r(-3).
-9
Let f = 6 - 6. Let l = -25 + 18. Let o(b) = -b**3 - b**2 + b - 8. Let n(u) = -3*u**3 - 3*u**2 + 3*u - 25. Let z(p) = l*o(p) + 2*n(p). Determine z(f).
6
Let v(g) = g - 1. Let l(s) = -s - 8. Let a(y) = y + 1. Let z(j) = 4*a(j) + l(j). Let q(h) = 2*v(h) - z(h). What is q(1)?
1
Let w = -62 - -64. Let u(x) be the second derivative of -1/3*x**3 + 0 - 1/6*x**4 - w*x**2 + 1/20*x**5 + 3*x. Calculate u(3).
-1
Let d(o) = -o - 8. Suppose 6*y = -0*y. Determine d(y).
-8
Suppose -2*w + 5*a + 1 = -1, 3*a - 4 = -4*w. Let q(x) = 5*x - 6*x + 3*x**2 - w + 1 - x**3. Determine q(3).
-3
Suppose -2*m - 2*b = -12, -2 = -4*m - b + 16. Let z = m - 3. Let w(g) = -3*g - 2*g + z - 1. What is w(1)?
-5
Let u(v) = -3 - 156*v**2 + 162*v**2 + 2. What is u(-1)?
5
Let i(l) = -4*l**2 + 2*l - l**3 - 7 + 3*l**2 + 5 - 5*l. Calculate i(-2).
8
Suppose 0 = 2*u - 6, 0*s + 3*u = -5*s + 24. Let l(n) be the first derivative of 1/4*n**4 - 3*n + 5/2*n**2 - s - 2*n**3. What is l(5)?
-3
Let j(v) = -v**2 - 6*v + 8. Let z = 141 + -147. Determine j(z).
8
Let x(p) = 7*p**3 - 2*p**2 + 7. Let d(y) = 3*y**3 - y**2 + 4. Let v = -19 + 15. Let q(g) = v*x(g) + 7*d(g). Determine q(1).
-6
Let o(p) = -2*p**2 - p + 1. Let d(y) = y**3 - 3*y**2 - 2*y + 1. Let s(z) = -2*d(z) + 3*o(z). What is s(-1)?
2
Let q(a) = a - 3. Let i(x) = -1 - x - 4 + 0. Let t(p) = -6*p**3 + 2*p**2 - p. Let y be t(1). Let v be i(y). Give q(v).
-3
Let n(g) = -g**3 + g + 5. Let z be n(0). Let v = 7 - z. Let h(b) = -b + 2 - v. Determine h(-3).
3
Let u(a) = a**3 - 5*a**2 + 5. Let q be u(5). Let b(k) = -k**3 + 4*k**2 + 5*k - 1. What is b(q)?
-1
Let u be (-2)/10 - 264/55. Let z(r) = -r**2 - 6*r. What is z(u)?
5
Let y(s) = -2*s - 5. Let q(a) = -a - 2. Let u(f) = 7*q(f) - 2*y(f). Let x = -2 - 1. Determine u(x).
5
Suppose 5 = -2*h + 3*t - 4, 2*t + 20 = -3*h. Let r(s) = -s**3 - 7*s**2 - 5*s - 5. What is r(h)?
-11
Let w = -2 - -4. Suppose 0 = -0*f + w*f. Let t(x) = x**2 - 8. Give t(f).
-8
Let x(m) = -m**3 - 6*m**2 - 2*m + 6. Suppose 0 = -4*q + 11 + 1. Let i(r) = -5 + 2*r**3 - 5*r**q + 6*r**2 + 4*r**3. Let u be i(-6). What is x(u)?
-9
Suppose -5*d - 25 = 0, -13 + 40 = -4*v - 3*d. Let z(f) = 6*f + 4. Determine z(v).
-14
Let i(d) = -3*d**2 + 4*d - 10 + 4*d**2 + 0*d + 2*d. What is i(-7)?
-3
Suppose -2*j - 4 = -2*u, 3*j - 8 + 2 = -3*u. Suppose 5*x + u*z - 9 = 0, 0 = 3*x + 2*z - 5*z + 3. Let g(s) = -s**2 + 1. Calculate g(x).
0
Let l be (4 + -2)/4 - (-24)/16. Let m(a) = a. Calculate m(l).
2
Let g(d) = -4*d**2 + 4*d - 2. Let v(s) = 11*s**2 - 11*s + 7. Let c(y) = -8*g(y) - 3*v(y). What is c(0)?
-5
Let v(p) be the third derivative of p**5/60 + p**4/4 - p**3/3 + 5*p**2. Determine v(-6).
-2
Let y(v) = 2*v**3 - 6*v**2 + 7*v - 7. Let z(s) = 3*s**3 - 9*s**2 + 10*s - 10. Let w be (-72)/(-10) - (-1)/(-5). Let d(p) = w*y(p) - 5*z(p). Determine d(3).
-2
Let n be (-3 + (-6)/(-3))/1. Let m be (1 + -2)/(n/5). Let z(r) = -3*r**3 + 2*r**3 - 1 - 8*r + 2*r**2 + 2*r**2 + m*r. Give z(3).
-1
Let x(k) = k**2 + 5*k. Let c = 3 + 1. Suppose -i = -c + 10. What is x(i)?
6
Let w = -4 + 10. Let m(b) = 3*b**3 - 5*b**3 + b**3 + 4*b + 5*b**2 - 2 + 2*b. Determine m(w).
-2
Let t(n) = n**3 - 3*n**2 - 6*n + 1. Let p = 8 + -6. Suppose 12 = 2*c + p*c. Let i = 1 + c. Give t(i).
-7
Suppose -2*y + 7*y = 0. Let m(w) = 4*w + 2 - w**2 - 7*w + w**3 + 4*w. Determine m(y).
2
Let y(c) = -c**2 - 3*c + 1. Let v(t) = -6*t**2 - 15*t + 4. Suppose 4*d - 5 = -h + 10, -h + 7 = -4*d. Let n(o) = h*y(o) - 2*v(o). What is n(4)?
7
Let k(s) be the first derivative of -s**3/3 + 2*s**2 - s + 2. Suppose -2*v + 1 = -5. Suppose 0 = -v*u + 4 + 2. Determine k(u).
3
Let a(r) = 1 - 5 + r + 4*r**3 - 5*r**3 + 2. Suppose 0*c + 8 = 2*c. Suppose -2*o + 4*o = -c. Calculate a(o).
4
Suppose 4*i - s - 3 = 3*i, -6 = -2*i - 4*s. Let z(b) = -27 + 22 + 9 - 3*b. Calculate z(i).
-5
Let l be (20 + -22)*2*-1. Let p(a) = a. Determine p(l).
4
Let r(s) be the second derivative of s**4/3 - s**3/3 + s**2/2 + 3*s. Suppose 10 = 4*w + 2*h, -12 = -3*w - w - 4*h. Let b be w/(-4) + 9/6. Determine r(b).
3
Let c be ((-15)/12)/((-2)/8). Let o(q) = 3*q + 1 - 7*q + 2. Let p(k) = 3*k - 2. Let s(d) = c*o(d) + 6*p(d). Give s(-3).
9
Let o(b) = b**3 - 2*b + 0*b - 2*b**3 + 0 - 2 + 5*b**2. Determine o(3).
10
Let b(k) be the second derivative of -k**5/20 - k**4/2 - k**3/2 - 9*k**2/2 + 2*k. What is b(-6)?
9
Let n(u) = 5*u**2 - 1. Let b = 16 + -14. Suppose 0*i - 4*z - 20 = -4*i, 5*i - b*z = 13. Determine n(i).
4
Let i(d) = -d + 8. Let h(o) = -2*o + 16. Let t(x) = 4*h(x) - 7*i(x). Let a be 0 - (-8 + 5 - (2 + 1)). Give t(a).
2
Let n(m) = 2*m**2 + 3*m - 2. Let t be 3/(6 - 3) + -4. What is n(t)?
7
Let z(o) = -6 + 12*o + 0*o + 5. What is z(1)?
11
Suppose -h + 0 = 1. Let g(z) = -z**2 - 7*z - 7. Let t be g(-5). Let u(y) = -1 + 2*y**3 - 3*y**3 - y + y**3 + y**2 - 2*y**t. Give u(h).
3
Let r(a) be the first derivative of a**4/4 - a**3/3 - 5*a**2/2 + 3*a - 9. Determine r(3).
6
Let t(v) = 3*v - 2*v - 16*v**2 + v**3 - 5 + 23*v**2. Calculate t(-7).
-12
Let a(u) = 3*u. Let q be 15/5 - (5 + 0). Give a(q).
-6
Suppose 0*a + a - 5*v + 10 = 0, a + 6 = v. Let t(c) = c**2 - c - 3. Let s be t(3). Let x(g) = -2 - s*g**2 - 3*g**2 - 4*g + 5*g**2 - g. What is x(a)?
-2
Let f(u) be the second derivative of -u**7/2520 + 7*u**6/720 - u**5/24 - u**4/6 + 2*u. Let b(s) be the third derivative of f(s). Give b(5).
5
Let k(c) = -9*c**2 + 1 + 3*c**2 - 2*c + 11*c**2. Let q(m) = m + 6. Suppose -8 = -5*n - 33. Let w be q(n). Calculate k(w).
4
Let c = 20 - 13. Suppose 4*s = q - 8, c + 1 = 2*q. Let a(o) = -4*o. Determine a(s).
4
Let i(b) = -49 - 49 - b + 105. Calculate i(-7).
14
Suppose -9*n - 63 = -16*n. Let m(a) = -a**3 + 8*a**2 + 8*a + 13. Calculate m(n).
4
Let g(m) be the first derivative of 3*m - 1/4*m**4 + 3 + 0*m**3 - 1/2*m**2. Determine g(0).
3
Let l = 8 + -5. Let v be l/(-7) - 115/(-7). Let s be v/(-4)*5/(-4). Let k(x) = x**3 - 4*x**2 - 2*x - 7. What is k(s)?
8
Let j = 1 - -3. Suppose 5*m - 6*m = -4. Let d(l) = -1 + m - l - 3. What is d(j)?
-4
Let j(h) = h**3 + 4*h**2 - 3*h - 3. Let z(o) be the first derivative of -o**4/4 - 4*o**3/3 + 3*o**2/2 + 3*o - 2. Let m(a) = 3*j(a) + 4*z(a). What is m(-4)?
-9
Let s = -167 - -163. Let u(h) = h**2 + h - 4. Calculate u(s).
8
Let n(l) = -4*l**2 + 3*l + 1. Let k(h) = -4*h + 0 - 2 + h**2 + 2*h**2. Let c(y) = -2*k(y) - 3*n(y). Give c(1).
6
Let n(x) = -x**2 + x - 1. Let b = -1 - -1. Let d be n(b). Let w(t) = t**2 + t. Let v(o) = -12*o**2 - 5*o + 1. Let l(m) = -v(m) - 6*w(m). What is l(d)?
6
Suppose 4*f = -0 - 8, -5*x + 5*f = 20. Let q(t) = -t - 1. Calculate q(x).
5
Let g(r) = 0*r**2 - 3 + 3*r - 3*r - 2*r**2 - 2*r. What is g(-2)?
-7
Let f(m) = 9*m - 1. Suppose 5*a + 5*x + 15 + 55 = 0, 4*a - 5*x = -11. Let i = 8 + a. Give f(i).
-10
Let o(k) = k**3. Let p = -3 + 2. Let y be o(p). Let n(c) = -12*c**3 - 9*c. Let s(f) = -6*f**3 - 4*f. Let j(t) = -3*n(t) + 7*s(t). What is j(y)?
7
Let p(h) = 6 + 2*h + 0*h - h + 1. Calculate p(-11).
-4
Let f(d) = d**3 + d**2 + 1. Let h(k) = k**3 + 2*k**2 + k. Let q(t) = -3*f(t) + 4*h(t). Give q(-4).
-3
Let j(g) be the third derivative of -7/24*g**4 - g**2 + 0 + 2/3*g**3 + 0*g + 1/12*g**5 - 1/120*g**6. Let w = 11 - 7. Calculate j(w).
